36/28 + (-6)/14. Let s(y) = -10*y + 4 - 3 + z*y + 3*y. What is s(u)?
7
Let y be ((-33)/12 - -2)/(-20 + 8020/400). Let t(d) = d**2 + 12*d - 62. Give t(y).
-17
Let l(k) = -k**3 - 6*k**2 + 5*k - 13. Let d(x) = -9*x + 13. Let q be d(1). Suppose 6*o + 26 = -q*z + 5*o, 2*z + 20 = 3*o. Determine l(z).
1
Let x = -204 + 215. Suppose 0 = -14*l - x*l + 225. Let b(d) = d**3 - 10*d**2 + 8*d + 6. What is b(l)?
-3
Let u(d) = d**2 + 9*d + 9. Suppose -316*b - 24 = -322*b. Suppose -5*p = -b*p + 8. Give u(p).
1
Suppose -5*i + 708*r + 14 = 705*r, 5*i = 5*r + 10. Let t(b) = -3 + 1 - b + 10. Calculate t(i).
4
Let w(n) be the third derivative of n**6/720 - n**4/8 - 3*n**3 + 10*n**2. Let q(m) be the second derivative of w(m). Give q(-5).
-5
Let p(v) = 4*v - 2*v**3 - 6*v + 6*v**2 - v**3 + 4*v**3. Suppose 2*c - 4 = 0, 5*c - 8*c = 2*f. Let x be 2*f/6*6. Give p(x).
12
Suppose -4*z - 18 = -2*d, 0 = -z - d - 0*d. Let w(b) = -4174*b - 3 - 4183*b + 8356*b. Calculate w(z).
0
Let p(c) = -9*c - 2. Suppose -7*g + 7*g = 4*g. Let b(n) = g*n + 5*n - 4*n. Let t(i) = 6*b(i) + p(i). Calculate t(-4).
10
Let n(d) = -2 + 0 + 8*d - 12*d. Let a(l) = -l**2 + 73*l - 829. Let m be a(14). Determine n(m).
10
Let w(q) be the third derivative of -q**4/8 - q**3/6 + 3*q**2. Let f = 46478 + -46476. Give w(f).
-7
Suppose -562*l + 555*l = 28. Let f(m) = 3 + m**2 + 4*m + m**2 - 2 - 3. Determine f(l).
14
Let z(x) be the third derivative of -7*x**5/30 + x**4/12 - x**3/2 + 753*x**2. Determine z(1).
-15
Let u be ((-6)/(-7))/(3/(20 - -1)). Suppose u = -c + 2*c - 4*z, -4*c + 5*z + 46 = 0. Let y(h) = -29*h - h**3 - h**2 + c*h + 13*h - 2. What is y(-2)?
6
Let g be (-399)/133 + (-2 - -4 - -1). Let n(z) be the second derivative of g + 1/4*z**4 + z**2 + 1/20*z**5 + 1/3*z**3 - 10*z. Determine n(-3).
-4
Let r be 9/(-1) + -3*5/15. Let z be 4*35/r - 0. Let j be 15/(-105) + 82/z. Let p(s) = -s**2 - 6*s - 3. What is p(j)?
-3
Let g(y) be the third derivative of -1/3*y**4 - 1/120*y**6 - 83*y**2 + 0*y + 2/15*y**5 + 0 - 3/2*y**3. Calculate g(7).
-16
Suppose -2*h - 15 = 5*a, 5*h - 2*a = 3 + 3. Let n(m) = -147*m**2 + 17*m - 5. Let o(u) = 184*u**2 - 21*u + 7. Let d(j) = -5*n(j) - 4*o(j). What is d(h)?
-3
Let o be ((-4)/5)/((-1)/1680). Let w(d) = -2683*d**3 + 11*d + 1338*d**3 - 10*d**2 + o*d**3 + 6. Calculate w(-11).
6
Suppose -57*c + 6 = -55*c. Let z(o) = 2*o**2 + 11*o - 6. Let i(y) = -5*y**2 - 31*y + 18. Let b(j) = -3*i(j) - 8*z(j). Give b(c).
0
Let l(a) = -23*a - 31. Suppose 39*r = -13 - 8 - 57. What is l(r)?
15
Let w(h) = 12*h + 9*h + 26 + 12*h**2 + 2 - 11*h**2. Let j be w(-20). Let g(f) = -2*f + 25 - j - 15 + 3*f. Give g(0).
2
Let g(f) = -f**3 + 6*f**2 - 11*f + 36. Let s be ((-160)/160)/(1/(-5)). What is g(s)?
6
Let c(r) = -23*r**3 + 12*r**2 + 2*r + 58 - 34*r - 55 + 22*r**3. Give c(8).
3
Let r = 2 - 8. Suppose -3 = 10*i - 63. Let m(v) = -8 - 54*v**3 + 55*v**3 - v + 3 + i*v**2. What is m(r)?
1
Let s(x) = 10*x - 11. Let h(k) = 6*k - 10. Let u(o) = 5*h(o) - 4*s(o). Let t = -786 - -782. Give u(t).
34
Suppose -20382 = -2*x + 2*a, -2*x + 4*x - 20386 = -2*a. Let b(q) = x - q**2 + 3*q - 10192. Determine b(-3).
-18
Let s(g) = -81*g - 558. Suppose -189 = -369*x - 2772. Give s(x).
9
Let w(u) = -u**2 - 6*u. Let n(m) = m**3 - 10*m**2 + 2. Let f be n(10). Let v be 1/3 - ((-118)/6 + f). Let y = -24 + v. Give w(y).
0
Suppose -z + 25 = 3*h, 3*z - 2*h + 20 = 4*z. Suppose 5*g + k - 5 = 0, -z = -7*g + 12*g - 2*k. Let c(t) = -t - 2. Calculate c(g).
-2
Let x = 215 + -213. Suppose 3*b - 37 = 5*k, -x*b - 3*k = -9 + 16. Let f(m) = -m**3 + 6*m**2 - 5*m - 4. What is f(b)?
8
Suppose -8*g + 0 - 3 = -19. Let y(m) = -7*m. What is y(g)?
-14
Suppose 22 = -2*s + 2*b, -24*s = -19*s - 4*b + 54. Let p(r) = -4*r - 13. Calculate p(s).
27
Let z(y) = -5*y. Suppose 22*g + 63 = 19*g. Let l be (-28)/6 + (-119)/g + -6. Calculate z(l).
25
Let h = -234 - -205. Let y be ((1 + 1)/(-4))/(h/(-638)). Let d(k) = 2*k + 6. Determine d(y).
-16
Let s(x) be the first derivative of -x**6/120 - x**5/60 - x**4/24 + x**3/6 + 18*x**2 + 66. Let w(m) be the second derivative of s(m). Calculate w(1).
-2
Let x(g) = -g**2 + 649752 - 1299510 - g + 649759. Let h = -7 - -1. Determine x(h).
-29
Let m(t) = t**2 + t - 1. Let k be -6*(-1)/(-6)*2/2. Let z(p) = -21*p**2 - 5*p + 6. Let a(v) = k*z(v) - 5*m(v). Determine a(1).
15
Let a(x) be the first derivative of -x**3/3 + 3*x**2/2 - 18*x + 1618. Give a(7).
-46
Let o = 1 - -3. Let b(x) be the second derivative of x**3/2 + x**2 + 177*x - 113. Calculate b(o).
14
Let r be -122 + 119 - (-3 + 1 + -5). Let q(d) = -d**2 + 3*d - 8. What is q(r)?
-12
Let g(r) be the third derivative of r**6/180 + r**5/40 + 25*r**3/6 + 5*r**2 - 5. Let c(w) be the first derivative of g(w). Calculate c(-2).
2
Let w(j) = 193*j + 386. Let v be w(-2). Let d(y) be the second derivative of v + 1/6*y**3 - y**2 + 2*y. Determine d(0).
-2
Let u(q) be the second derivative of -17*q**3/6 + 29*q**2/2 + 10*q + 177. What is u(7)?
-90
Let i(y) be the first derivative of 15/2*y**2 + 1/6*y**3 + 0*y + 0*y**4 + 11 + 1/10*y**5. Let p(f) be the second derivative of i(f). Calculate p(-1).
7
Let i(w) = -w**2 + 3*w - 9. Suppose -3*g + 675 = -3*q, 2*q + 0*g + 460 = -3*g. Let a = -220 - q. Give i(a).
-37
Let w = 8811 + -8807. Let q(m) = 2*m + 3. Determine q(w).
11
Let d(m) = -m**3 - m - 3. Let r(l) = -l**3 - 6*l**2 + 9*l + 16. Let c be r(-6). Let h = 67 + c. Let y = 29 - h. Calculate d(y).
-3
Let i(a) = a**3 + 21*a**2 + 3. Let f be i(-21). Let h(c) = 2*c**2 + 20*c**f - 2*c - c**2 + 3*c - 1 - 18*c**3. Give h(-2).
-15
Let d(u) = -u**3 + 7*u**2 - 4*u + 7. Let z(m) = m**2 + 26*m - 50. Let q be z(-28). Calculate d(q).
19
Suppose 160*p - 164*p = 12. Let m(l) = 12*l**2 - 15*l + 34. Let t(w) = -7*w**2 + 7*w - 17. Let c(v) = p*m(v) - 5*t(v). Determine c(6).
7
Let u(k) be the second derivative of -3*k - 1/12*k**4 + 1/3*k**3 + 3/2*k**2 + 0. Let s = 2536 - 2538. Determine u(s).
-5
Suppose -20*f + 25*f = 55. Suppose -b = -t - 5, 0*b = b + 3*t + f. Let o(h) = 24*h. Determine o(b).
24
Let z(i) = i**2 + 7*i + 2. Suppose 2*k = 5*f - 405, -46 - 13 = -f - 4*k. Suppose 0 = 2*m + q + 111, f = -4*m + 2*q - 131. Let h = m + 49. Give z(h).
-8
Let k(m) be the first derivative of m**4/4 + 2*m**3 + m**2/2 - 4*m - 580. Give k(-5).
16
Suppose -5*y - 4*c + 48 = 0, 0 = -401*y + 400*y - 3*c + 25. Let s(i) = -3*i**2 + 11*i - 6. What is s(y)?
-10
Let k(h) be the first derivative of h**2 + 8*h + 18292. Let s(w) = -2*w - 2. Let r be s(-3). Suppose 3*c = 3*d - 0*c + 36, 5*c + 12 = -r*d. Give k(d).
-8
Let m(k) = -k**3 + 28*k**2 - 2*k + 54. Let t(y) = -y**2 + 28*y + 121. Let d be t(31). Give m(d).
-2
Suppose -476 = -4*h - 5*n, -8*h + 4*h - n + 460 = 0. Let v(p) = 39*p - 9 + 34*p - 6*p**2 - p**3 + 39*p - h*p. Calculate v(-6).
3
Let w(y) be the first derivative of -y**4/4 - 4*y**3/3 - 2*y**2 - 2*y - 54. Let c = -167 - -164. Determine w(c).
1
Let f(n) = -24 + 9*n**2 + 7*n**3 - 24 - 33 + 22*n - 8*n**3 + 62. Determine f(11).
-19
Let y = -195437 + 195443. Let c(g) = -5*g**2 - g + 3. Let k(h) = -h**3 + h**2 - h. Let x(z) = -c(z) + k(z). Determine x(y).
-3
Let g(n) = -2*n - 5. Let p be (-5)/(-4)*(-3)/5*-4. Suppose 5*o = 3*x - 7 + 6, 37 = p*x + 4*o. Calculate g(x).
-19
Let m = 4798 - 4778. Let a(c) = 2*c**3 - 42*c**2 + 44*c - 81. Calculate a(m).
-1
Let o(g) = -5*g**2 - 30*g + 4. Let v(u) = -3*u**2 - 16*u + 2. Suppose -26 - 4 = -2*k. Let r be (-6)/(-7)*70/k. Let z(m) = r*o(m) - 7*v(m). Calculate z(8).
2
Let u = -5 - -7. Let d(p) = -5*p + 104 + p**2 - p**3 - 98 - 3*p**u. Let y(l) = -l**3 - 3*l**2 - 6*l + 7. Let q(b) = 6*d(b) - 5*y(b). Determine q(4).
-15
Let q be ((-371)/1 + -16)/(-9). Let r(z) = -z**3 + 43*z**2 - 2*z + 93. Give r(q).
7
Let b be -2*7 + (25 - 23). Let v(t) = -14*t + 12*t - 35 + 13. Calculate v(b).
2
Let z(r) = -7*r - 159. Let n(w) = -3*w - 160. Let q(h) = 3*n(h) - 2*z(h). Give q(29).
-17
Let d(s) = 8221 + 13*s - s**3 - 16419 + 14*s**2 + 8215. Give d(15).
-13
Let c(r) = r**3 + 7*r**2 - 11*r - 6. Suppose 2*k - 3*n - 1 = 0, 216*n - 212*n + 20 = 0. What is c(k)?
71
Let f = 53 + -51. Suppose -v - 1 + f = 0. Let n(k) be the third derivative of -3*k**4/8 + k**2. Determine n(v).
-9
Let q(u) = -u**3 + 5*u**2 - 9. Let t = 380 + -368. Suppose 30*w - t*w - 72 = 0. Determine q(w).
7
Let o(h) = 3*h - 1. Let v be o(1). Let p(u) = -3 - v*u - 3*u 